a = 4*l. What is the remainder when l is divided by 2?
0
Suppose 4*c = 12 + 8, 4*w - 32 = 4*c. Let z(f) = f**3 - 14*f**2 + 16*f + 23. Calculate the remainder when z(w) is divided by 16.
14
Suppose 5*v - 392 = -3*r, 5*v + 180 = r + 576. Let d = 37 + -17. What is the remainder when v is divided by d?
19
Let r = -259 + 70. What is the remainder when 28/(-6)*r/14 is divided by 16?
15
Suppose -21*a + 105 = -16*a. Suppose -4*b + 0*i + 3*i + 23 = 0, 4*b - 4*i - 28 = 0. Suppose 0*t + b*t - 24 = 0. What is the remainder when a is divided by t?
9
Let s(a) = 3*a**2 + 2*a - 1. Suppose 4758 = -4*d + 4810. Calculate the remainder when d is divided by s(1).
1
Let l = -20 - -25. Suppose 5*f = 2*q + 3*q - 170, l*f - 140 = -5*q. Calculate the remainder when q is divided by 17.
14
Let n(u) = 46*u + 432. Calculate the remainder when n(-7) is divided by 53.
4
Suppose 4*v - 5*z = 108, 0*v + 3*z = -5*v + 172. Calculate the remainder when (2 - -90) + (-1 - -2) is divided by v.
29
Let s(z) = -z + 34. Suppose 2*g = 4*q + 23 + 5, 4*g = -4*q + 20. Let c(k) = k**2 + 3*k + 6. Calculate the remainder when c(7) is divided by s(g).
24
Suppose k - 3 - 1 = -4*t, 5*t - k = 14. Suppose -6 - t = -2*l. Suppose -l*q = 5*v - 177, 4*v = 3 + 1. Calculate the remainder when q is divided by 11.
10
Let f = -6 - -4. Let h be (-828)/12*f/(-6). Let t = -17 - h. Calculate the remainder when 22 is divided by t.
4
Let n = -2 - 4. Let v(c) = c**3 + 6*c**2 + 8. Suppose -4*b + 69 = -23. Calculate the remainder when b is divided by v(n).
7
Let f(h) = 48*h + 282. What is the remainder when 119 is divided by f(-5)?
35
Let p be 144/30*6/(-9)*5. Calculate the remainder when 57 is divided by ((-9)/(-3))/((-4)/p).
9
Let n = 21 + 23. Let i(l) = l**2 - 4*l + 1. Let d be i(4). What is the remainder when n is divided by 4/(-4)*d*-23?
21
Suppose 5*d - 375 = 4*s, 148 = 2*d - 3*s + s. Let x(f) = 6*f - 3. Suppose 3*w = 6, -g + 7 = -w + 4. Calculate the remainder when d is divided by x(g).
25
Suppose 0 = -3*w + 22 + 38. Let j(f) = f**3 + 4*f**2 - 5*f + 4. Let a be j(-5). Suppose h - a*h = -231. What is the remainder when h is divided by w?
17
Suppose 3*j + 15 = 0, 3*j + 4 - 1 = -4*l. Suppose 2*v + 121 - 11 = -4*z, 0 = -4*z + 3*v - 105. Let s = -18 - z. What is the remainder when s is divided by l?
0
Let b(a) = 1 - 3 - 5*a + 4 + 3*a**2 + 0. Let j = 88 - 35. What is the remainder when j is divided by b(3)?
11
Let q(i) = -11*i**2 + i + 2. Let r be q(-2). Let p = r + 113. Let f = 16 - -8. What is the remainder when p is divided by f?
21
Suppose 336*f = 339*f - 18. Calculate the remainder when 45 is divided by f.
3
Suppose -104 = -4*f - 4*p, 5*p + 6 = 2*f - 11. Let k = 69 + -63. Suppose -18 = -k*h + 2*h + 3*m, 2*h - 2 = 5*m. What is the remainder when f is divided by h?
3
Calculate the remainder when 76 is divided by -2 + -6 + 4 - -6.
0
Let m(o) = -7*o - 7. Suppose -5*t + 342 = 132. Let h = t - 27. Calculate the remainder when m(-5) is divided by h.
13
Let v(w) = w + 8. Let i be v(-2). Suppose i*x + 32 = 10*x. What is the remainder when x is divided by 2?
0
Suppose -2*i + 171 = i. Let a(n) = 5*n**2 - 4*n + 2. Let z be a(3). Suppose 36*w = z*w + 30. What is the remainder when i is divided by w?
27
Let y(u) = u**3 + 3*u**2 - 2*u + 5. Suppose 5*f - 10 = 0, 0 = 5*j + 5*f + 10. Let o be y(j). What is the remainder when 15 is divided by ((-84)/o)/4 - -2?
6
Suppose 4*n + 4*d + 12 = 0, -3*n - 3*d - d - 13 = 0. Let s be n/(-4) - 1/(-4). Suppose s = -8*x + 3*x + 15. Calculate the remainder when 10 is divided by x.
1
Let y(i) = 16*i**2 - 7*i + 7. What is the remainder when y(3) is divided by 22?
20
Suppose 16*w - 204 = 20*w. Let j = -38 - w. What is the remainder when j is divided by 4?
1
Let m be (-2)/10 + 42/(-15) + -19. Let d = 57 + m. Calculate the remainder when d is divided by (1 - 0/2)*19.
16
Suppose -253 - 119 = 2*w. Let c = w - -336. Calculate the remainder when c is divided by 38.
36
Let p = -2 - -6. Let i be (-4)/16 - 27/p. Let l(r) = -r**3 - 5*r**2 + 7*r + 1. Calculate the remainder when l(i) is divided by 17.
16
Let u = -273 - -565. What is the remainder when u is divided by 49?
47
What is the remainder when 143 is divided by (-616)/8*-3*2/21?
11
Let r = -482 + 532. What is the remainder when r is divided by 6?
2
Let b = -28 + 51. Suppose -92 - 43 = -u. Calculate the remainder when u is divided by b.
20
Let d = 209 - 193. What is the remainder when 71 is divided by d?
7
Let a = 5 - 3. Calculate the remainder when 0/(-1) + 34 - -2 is divided by -1 + 20 + (2 - a).
17
Let x be ((-3)/2)/(75/(-1400)). Let k(j) = j**2 - 5*j + 3. Calculate the remainder when k(5) is divided by ((-8)/6)/(-3 - x/(-12)).
1
Let k(y) = -2*y + 156. What is the remainder when k(-20) is divided by 67?
62
Suppose -k + 0 + 9 = 0. Suppose -199 = -k*w + 179. What is the remainder when w is divided by 9?
6
Suppose -t - 74 = -4*i + 642, -2*i + 2*t = -364. Calculate the remainder when i is divided by 12.
10
Let d be (-573)/(-21) + 4/(-14). Let t = 49 - d. Calculate the remainder when 42 is divided by t.
20
Let s = 47 + -19. Let r(v) = v**3 + v**2 - 107*v + 210. What is the remainder when s is divided by r(2)?
4
Suppose 5*d + 756 = 3*j + 263, j = -4*d + 153. What is the remainder when j is divided by 27?
26
Suppose 3*v = -2*o + 11, -2*v - v = -5*o - 4. What is the remainder when ((-12)/v)/4*-179 is divided by 13?
10
Let b = 47 + -45. What is the remainder when 41 is divided by -6*(2 - 4) + (-6)/b?
5
Suppose -3*p - 3*g = -33, -p - 9 = -0*g - 4*g. Let n(c) = 14*c - 8. Let y(m) = 5*m - 7. What is the remainder when n(p) is divided by y(6)?
21
Suppose 189*m - 517 = 178*m. Calculate the remainder when m is divided by 17.
13
Let g = -61 - -56. Let t = 25 - g. Calculate the remainder when t is divided by 15.
0
Suppose 2*y - 68 = -2*y - 4*f, -4*y + 5*f = -95. Suppose 8*l - 6*l = y. Calculate the remainder when -2*1 + 0 + 39 is divided by l.
7
Suppose 661*v + 18 = 667*v. Let h be (-21)/(-12) - (-1)/4. What is the remainder when (2*4 - h)/1 is divided by v?
0
Let t(f) = -12 - 19 + 2*f**2 + 35 - f**2. Calculate the remainder when t(0) is divided by 2.
0
Let j(z) = 14*z**2 + 77*z - 6. What is the remainder when j(-7) is divided by 11?
9
Let o(p) = -13*p + 35. Let d(i) = -25*i + 71. Let y(g) = 6*d(g) - 11*o(g). What is the remainder when y(-10) is divided by 28?
27
Let o(w) = -6*w**2 + 23 + 8*w**2 + 2*w**2 + 9*w - 5*w**2. Calculate the remainder when o(10) is divided by 7.
6
Let z = 403 - 370. What is the remainder when z is divided by 10?
3
Suppose 81 + 342 = 9*g. Let m = 6 + -3. Suppose m*w = g + 28. Calculate the remainder when w is divided by 14.
11
Suppose 22*g - 7773 + 2779 = 0. What is the remainder when g is divided by 48?
35
Suppose -6*s + 135 = -s + 2*o, -5*o = 5*s - 135. Let t be 18/((-3)/((-114)/(-4))). Let a = t + 276. What is the remainder when a is divided by s?
24
Let y = 19 + -16. Suppose -y*x + 53 + 106 = 0. What is the remainder when x is divided by 27?
26
Suppose 4025*c + 248 = 4033*c. Calculate the remainder when 51 is divided by c.
20
Let r(o) = 2*o - 10. Let u(i) = -6*i + 6. Let l be u(4). Let z = l + 56. Calculate the remainder when z is divided by r(10).
8
Let o be (3 + -1 - 70)/(-2). Suppose -2*g = -4*g + o. What is the remainder when g is divided by 5?
2
Let u = -159 + 221. Calculate the remainder when u is divided by 13.
10
Let s = -149 + 114. Calculate the remainder when (-1 - s/(-10))*-2 is divided by 5.
4
Let o = 2018 - 2006. Calculate the remainder when 67 is divided by o.
7
Let c(g) = -4*g**2 + 2*g + 3. What is the remainder when 170 is divided by c(0)?
2
Let p be 1 + 0 - (-6 + -262). Let c = p - 31. Let r = c + -158. Calculate the remainder when r is divided by 27.
26
Suppose 0 = -3*i + 43 + 71. What is the remainder when 417 is divided by i?
37
Let u(h) = -140*h - 528. What is the remainder when u(-5) is divided by (-141)/(-4) + 1/(-4)?
32
Suppose -3*b + 3 - 21 = 0. Let r be 8/24 + (-34)/b. Suppose -r = -z + 4. Calculate the remainder when 48 is divided by z.
8
Let x = 345 - 309. Calculate the remainder when 77 is divided by x.
5
Let a(k) = -k**3 - 5*k**2 - 4*k - 2. Let m be a(-6). Suppose 0 = 3*q - 6, 4*p - q - m = -0*p. Let v = 0 + p. What is the remainder when v is divided by 6?
3
Suppose -4*g = t - 98, 0 = 4*g - g - 2*t - 79